{"id":17522,"date":"2020-05-11T08:48:55","date_gmt":"2020-05-11T08:48:55","guid":{"rendered":"https:\/\/sindicom.hr\/katalog\/cilindar-sjedala-iveco-org\/"},"modified":"2025-10-27T12:06:44","modified_gmt":"2025-10-27T12:06:44","slug":"cilindar-sjedala-iveco-org","status":"publish","type":"product","link":"https:\/\/sindicom.hr\/en\/katalog\/cilindar-sjedala-iveco-org\/","title":{"rendered":"VENTIL (CILINDAR) SJEDALA MAN IVECO DAF SCANIA ISRINGHAUSEN OE"},"content":{"rendered":"<p>95486-04\/00 ISRI  9548604\/00E ISRI  954860400E ISRI  95486-04\/00 ISRINGHAUSEN  95486-04\/00E ISRINGHAUSEN  95486-0400E ISRINGHAUSEN  95486-06 ISRI  9548606 ISRI  954860400E ISRI  1331730 DAF  1440365 SCANIA  3090504 VOLVO  3093893 VOLVO  42471238 IVECO  93161388 IVECO  81623846008 MAN  81.62384-6008 MAN  81623840001 MAN  81.62384-0001 MAN  85600008945 NEOPLAN  85.60000-8945 NEOPLAN  7403093893 RENAULT  58100057200 RENAULT  30702 FEBI  1.22736 DT  122736 DT  4.4353 DT  4.4358 DT  5.62085 DT  3.85100 DT  RS-02259 ROLLING  BPD-MA002 AKUSAN  BPDMA002 AKUSAN  58100057200 WINKLER  581 000 572 00 WINKLER ISRI  ISRI ISRINGHAUSEN Sitzverstellventil  ISRINGHAUSEN seat adjustment valve  Soupape de r\u00e9glage de siege ISRI ISRINGHAUSEN  Valvola di regolazione del sedile ISRI ISRINGHAUSEN  SJEDALO. SJEDALA. SJEDI\u0160TE. SJEDI\u0160TA. SJEDELA. SJEDELO. SEAT. SEATS. SITTING. SIT. SEDE\u017d<\/p>\n","protected":false},"excerpt":{"rendered":"<p><img decoding=\"async\" class=\"alignnone size-medium wp-image-18038\" src=\"https:\/\/sindicom.hr\/wp-content\/uploads\/2020\/05\/iveco-300x300.png\" alt=\"\" width=\"300\" height=\"300\" srcset=\"https:\/\/sindicom.hr\/wp-content\/uploads\/2020\/05\/iveco-64x64.png 64w, https:\/\/sindicom.hr\/wp-content\/uploads\/2020\/05\/iveco-66x66.png 66w, https:\/\/sindicom.hr\/wp-content\/uploads\/2020\/05\/iveco-100x100.png 100w, https:\/\/sindicom.hr\/wp-content\/uploads\/2020\/05\/iveco-150x150.png 150w, https:\/\/sindicom.hr\/wp-content\/uploads\/2020\/05\/iveco-200x200.png 200w, https:\/\/sindicom.hr\/wp-content\/uploads\/2020\/05\/iveco.png 300w\" sizes=\"(max-width: 300px) 100vw, 300px\" \/><\/p>\n","protected":false},"featured_media":43783,"template":"","meta":{"inline_featured_image":false},"product_brand":[],"product_cat":[15,96,126,255,110,108,97,104,112,109,107,190,111],"product_tag":[],"class_list":{"0":"post-17522","1":"product","2":"type-product","3":"status-publish","4":"has-post-thumbnail","6":"product_cat-all-products","7":"product_cat-busevi","8":"product_cat-daf","9":"product_cat-isri-rezervni-dijelovi-isrinhausen-spare-parts","10":"product_cat-iveco-teretna-vozila","11":"product_cat-man-teretna-vozila","12":"product_cat-man","13":"product_cat-neoplan","14":"product_cat-renault","15":"product_cat-scania-teretna-vozila","16":"product_cat-teretna-vozila","17":"product_cat-ventili-sjedala","18":"product_cat-volvo","20":"first","21":"instock","22":"shipping-taxable","23":"purchasable","24":"product-type-simple"},"yoast_head":"<!-- This site is optimized with the Yoast SEO plugin v26.2 - https:\/\/yoast.com\/wordpress\/plugins\/seo\/ -->\n<title>VENTIL (CILINDAR) SJEDALA MAN IVECO DAF SCANIA ISRINGHAUSEN OE - Sindicom<\/title>\n<meta name=\"robots\" content=\"index, follow, max-snippet:-1, max-image-preview:large, max-video-preview:-1\" \/>\n<link rel=\"canonical\" href=\"https:\/\/sindicom.hr\/en\/katalog\/cilindar-sjedala-iveco-org\/\" \/>\n<meta property=\"og:locale\" content=\"en_US\" \/>\n<meta property=\"og:type\" content=\"article\" \/>\n<meta property=\"og:title\" content=\"VENTIL (CILINDAR) SJEDALA MAN IVECO DAF SCANIA ISRINGHAUSEN OE - Sindicom\" \/>\n<meta property=\"og:url\" content=\"https:\/\/sindicom.hr\/en\/katalog\/cilindar-sjedala-iveco-org\/\" \/>\n<meta property=\"og:site_name\" content=\"Sindicom\" \/>\n<meta property=\"article:publisher\" content=\"https:\/\/www.facebook.com\/Sindicom-doo-170277286366043\/\" \/>\n<meta property=\"article:modified_time\" content=\"2025-10-27T12:06:44+00:00\" \/>\n<meta property=\"og:image\" content=\"https:\/\/sindicom.hr\/wp-content\/uploads\/2020\/05\/93161388-IVECO.webp\" \/>\n\t<meta property=\"og:image:width\" content=\"600\" \/>\n\t<meta property=\"og:image:height\" content=\"600\" \/>\n\t<meta property=\"og:image:type\" content=\"image\/webp\" \/>\n<meta name=\"twitter:card\" content=\"summary_large_image\" \/>\n<meta name=\"twitter:label1\" content=\"Est. reading time\" \/>\n\t<meta name=\"twitter:data1\" content=\"1 minute\" \/>\n<script type=\"application\/ld+json\" class=\"yoast-schema-graph\">{\"@context\":\"https:\/\/schema.org\",\"@graph\":[{\"@type\":\"WebPage\",\"@id\":\"https:\/\/sindicom.hr\/en\/katalog\/cilindar-sjedala-iveco-org\/\",\"url\":\"https:\/\/sindicom.hr\/en\/katalog\/cilindar-sjedala-iveco-org\/\",\"name\":\"VENTIL (CILINDAR) SJEDALA MAN IVECO DAF SCANIA ISRINGHAUSEN OE - Sindicom\",\"isPartOf\":{\"@id\":\"https:\/\/sindicom.hr\/en\/#website\"},\"primaryImageOfPage\":{\"@id\":\"https:\/\/sindicom.hr\/en\/katalog\/cilindar-sjedala-iveco-org\/#primaryimage\"},\"image\":{\"@id\":\"https:\/\/sindicom.hr\/en\/katalog\/cilindar-sjedala-iveco-org\/#primaryimage\"},\"thumbnailUrl\":\"https:\/\/sindicom.hr\/wp-content\/uploads\/2020\/05\/93161388-IVECO.webp\",\"datePublished\":\"2020-05-11T08:48:55+00:00\",\"dateModified\":\"2025-10-27T12:06:44+00:00\",\"breadcrumb\":{\"@id\":\"https:\/\/sindicom.hr\/en\/katalog\/cilindar-sjedala-iveco-org\/#breadcrumb\"},\"inLanguage\":\"en-US\",\"potentialAction\":[{\"@type\":\"ReadAction\",\"target\":[\"https:\/\/sindicom.hr\/en\/katalog\/cilindar-sjedala-iveco-org\/\"]}]},{\"@type\":\"ImageObject\",\"inLanguage\":\"en-US\",\"@id\":\"https:\/\/sindicom.hr\/en\/katalog\/cilindar-sjedala-iveco-org\/#primaryimage\",\"url\":\"https:\/\/sindicom.hr\/wp-content\/uploads\/2020\/05\/93161388-IVECO.webp\",\"contentUrl\":\"https:\/\/sindicom.hr\/wp-content\/uploads\/2020\/05\/93161388-IVECO.webp\",\"width\":600,\"height\":600},{\"@type\":\"BreadcrumbList\",\"@id\":\"https:\/\/sindicom.hr\/en\/katalog\/cilindar-sjedala-iveco-org\/#breadcrumb\",\"itemListElement\":[{\"@type\":\"ListItem\",\"position\":1,\"name\":\"Po\u010detna stranica\",\"item\":\"https:\/\/sindicom.hr\/en\/\"},{\"@type\":\"ListItem\",\"position\":2,\"name\":\"Katalog dijelova\",\"item\":\"https:\/\/sindicom.hr\/en\/catalog\/\"},{\"@type\":\"ListItem\",\"position\":3,\"name\":\"VENTIL (CILINDAR) SJEDALA MAN IVECO DAF SCANIA ISRINGHAUSEN OE\"}]},{\"@type\":\"WebSite\",\"@id\":\"https:\/\/sindicom.hr\/en\/#website\",\"url\":\"https:\/\/sindicom.hr\/en\/\",\"name\":\"SINDICOM\",\"description\":\"Trade and repair of pneumatic brakes, air and hydraulic systems for trucks and buses\",\"publisher\":{\"@id\":\"https:\/\/sindicom.hr\/en\/#organization\"},\"potentialAction\":[{\"@type\":\"SearchAction\",\"target\":{\"@type\":\"EntryPoint\",\"urlTemplate\":\"https:\/\/sindicom.hr\/en\/?s={search_term_string}\"},\"query-input\":{\"@type\":\"PropertyValueSpecification\",\"valueRequired\":true,\"valueName\":\"search_term_string\"}}],\"inLanguage\":\"en-US\"},{\"@type\":\"Organization\",\"@id\":\"https:\/\/sindicom.hr\/en\/#organization\",\"name\":\"SINDICOM d.o.o.\",\"url\":\"https:\/\/sindicom.hr\/en\/\",\"logo\":{\"@type\":\"ImageObject\",\"inLanguage\":\"en-US\",\"@id\":\"https:\/\/sindicom.hr\/en\/#\/schema\/logo\/image\/\",\"url\":\"https:\/\/sindicom.hr\/wp-content\/uploads\/2019\/11\/sindicom_logo_veliki1.jpg.png\",\"contentUrl\":\"https:\/\/sindicom.hr\/wp-content\/uploads\/2019\/11\/sindicom_logo_veliki1.jpg.png\",\"width\":732,\"height\":706,\"caption\":\"SINDICOM d.o.o.\"},\"image\":{\"@id\":\"https:\/\/sindicom.hr\/en\/#\/schema\/logo\/image\/\"},\"sameAs\":[\"https:\/\/www.facebook.com\/Sindicom-doo-170277286366043\/\",\"https:\/\/instagram.com\/sindicomdoo\"]}]}<\/script>\n<!-- \/ Yoast SEO plugin. -->","yoast_head_json":{"title":"VENTIL (CILINDAR) SJEDALA MAN IVECO DAF SCANIA ISRINGHAUSEN OE - Sindicom","robots":{"index":"index","follow":"follow","max-snippet":"max-snippet:-1","max-image-preview":"max-image-preview:large","max-video-preview":"max-video-preview:-1"},"canonical":"https:\/\/sindicom.hr\/en\/katalog\/cilindar-sjedala-iveco-org\/","og_locale":"en_US","og_type":"article","og_title":"VENTIL (CILINDAR) SJEDALA MAN IVECO DAF SCANIA ISRINGHAUSEN OE - Sindicom","og_url":"https:\/\/sindicom.hr\/en\/katalog\/cilindar-sjedala-iveco-org\/","og_site_name":"Sindicom","article_publisher":"https:\/\/www.facebook.com\/Sindicom-doo-170277286366043\/","article_modified_time":"2025-10-27T12:06:44+00:00","og_image":[{"width":600,"height":600,"url":"https:\/\/sindicom.hr\/wp-content\/uploads\/2020\/05\/93161388-IVECO.webp","type":"image\/webp"}],"twitter_card":"summary_large_image","twitter_misc":{"Est. reading time":"1 minute"},"schema":{"@context":"https:\/\/schema.org","@graph":[{"@type":"WebPage","@id":"https:\/\/sindicom.hr\/en\/katalog\/cilindar-sjedala-iveco-org\/","url":"https:\/\/sindicom.hr\/en\/katalog\/cilindar-sjedala-iveco-org\/","name":"VENTIL (CILINDAR) SJEDALA MAN IVECO DAF SCANIA ISRINGHAUSEN OE - Sindicom","isPartOf":{"@id":"https:\/\/sindicom.hr\/en\/#website"},"primaryImageOfPage":{"@id":"https:\/\/sindicom.hr\/en\/katalog\/cilindar-sjedala-iveco-org\/#primaryimage"},"image":{"@id":"https:\/\/sindicom.hr\/en\/katalog\/cilindar-sjedala-iveco-org\/#primaryimage"},"thumbnailUrl":"https:\/\/sindicom.hr\/wp-content\/uploads\/2020\/05\/93161388-IVECO.webp","datePublished":"2020-05-11T08:48:55+00:00","dateModified":"2025-10-27T12:06:44+00:00","breadcrumb":{"@id":"https:\/\/sindicom.hr\/en\/katalog\/cilindar-sjedala-iveco-org\/#breadcrumb"},"inLanguage":"en-US","potentialAction":[{"@type":"ReadAction","target":["https:\/\/sindicom.hr\/en\/katalog\/cilindar-sjedala-iveco-org\/"]}]},{"@type":"ImageObject","inLanguage":"en-US","@id":"https:\/\/sindicom.hr\/en\/katalog\/cilindar-sjedala-iveco-org\/#primaryimage","url":"https:\/\/sindicom.hr\/wp-content\/uploads\/2020\/05\/93161388-IVECO.webp","contentUrl":"https:\/\/sindicom.hr\/wp-content\/uploads\/2020\/05\/93161388-IVECO.webp","width":600,"height":600},{"@type":"BreadcrumbList","@id":"https:\/\/sindicom.hr\/en\/katalog\/cilindar-sjedala-iveco-org\/#breadcrumb","itemListElement":[{"@type":"ListItem","position":1,"name":"Po\u010detna stranica","item":"https:\/\/sindicom.hr\/en\/"},{"@type":"ListItem","position":2,"name":"Katalog dijelova","item":"https:\/\/sindicom.hr\/en\/catalog\/"},{"@type":"ListItem","position":3,"name":"VENTIL (CILINDAR) SJEDALA MAN IVECO DAF SCANIA ISRINGHAUSEN OE"}]},{"@type":"WebSite","@id":"https:\/\/sindicom.hr\/en\/#website","url":"https:\/\/sindicom.hr\/en\/","name":"SINDICOM","description":"Trade and repair of pneumatic brakes, air and hydraulic systems for trucks and buses","publisher":{"@id":"https:\/\/sindicom.hr\/en\/#organization"},"potentialAction":[{"@type":"SearchAction","target":{"@type":"EntryPoint","urlTemplate":"https:\/\/sindicom.hr\/en\/?s={search_term_string}"},"query-input":{"@type":"PropertyValueSpecification","valueRequired":true,"valueName":"search_term_string"}}],"inLanguage":"en-US"},{"@type":"Organization","@id":"https:\/\/sindicom.hr\/en\/#organization","name":"SINDICOM d.o.o.","url":"https:\/\/sindicom.hr\/en\/","logo":{"@type":"ImageObject","inLanguage":"en-US","@id":"https:\/\/sindicom.hr\/en\/#\/schema\/logo\/image\/","url":"https:\/\/sindicom.hr\/wp-content\/uploads\/2019\/11\/sindicom_logo_veliki1.jpg.png","contentUrl":"https:\/\/sindicom.hr\/wp-content\/uploads\/2019\/11\/sindicom_logo_veliki1.jpg.png","width":732,"height":706,"caption":"SINDICOM d.o.o."},"image":{"@id":"https:\/\/sindicom.hr\/en\/#\/schema\/logo\/image\/"},"sameAs":["https:\/\/www.facebook.com\/Sindicom-doo-170277286366043\/","https:\/\/instagram.com\/sindicomdoo"]}]}},"_links":{"self":[{"href":"https:\/\/sindicom.hr\/en\/wp-json\/wp\/v2\/product\/17522","targetHints":{"allow":["GET"]}}],"collection":[{"href":"https:\/\/sindicom.hr\/en\/wp-json\/wp\/v2\/product"}],"about":[{"href":"https:\/\/sindicom.hr\/en\/wp-json\/wp\/v2\/types\/product"}],"wp:featuredmedia":[{"embeddable":true,"href":"https:\/\/sindicom.hr\/en\/wp-json\/wp\/v2\/media\/43783"}],"wp:attachment":[{"href":"https:\/\/sindicom.hr\/en\/wp-json\/wp\/v2\/media?parent=17522"}],"wp:term":[{"taxonomy":"product_brand","embeddable":true,"href":"https:\/\/sindicom.hr\/en\/wp-json\/wp\/v2\/product_brand?post=17522"},{"taxonomy":"product_cat","embeddable":true,"href":"https:\/\/sindicom.hr\/en\/wp-json\/wp\/v2\/product_cat?post=17522"},{"taxonomy":"product_tag","embeddable":true,"href":"https:\/\/sindicom.hr\/en\/wp-json\/wp\/v2\/product_tag?post=17522"}],"curies":[{"name":"wp","href":"https:\/\/api.w.org\/{rel}","templated":true}]}}

<p>95486-04/00 ISRI  9548604/00E ISRI  954860400E ISRI  95486-04/00 ISRINGHAUSEN  95486-04/00E ISRINGHAUSEN  95486-0400E ISRINGHAUSEN  95486-06 ISRI  9548606 ISRI  954860400E ISRI  1331730 DAF  1440365 SCANIA  3090504 VOLVO  3093893 VOLVO  42471238 IVECO  93161388 IVECO  81623846008 MAN  81.62384-6008 MAN  81623840001 MAN  81.62384-0001 MAN  85600008945 NEOPLAN  85.60000-8945 NEOPLAN  7403093893 RENAULT  58100057200 RENAULT  30702 FEBI  1.22736 DT  122736 DT  4.4353 DT  4.4358 DT  5.62085 DT  3.85100 DT  RS-02259 ROLLING  BPD-MA002 AKUSAN  BPDMA002 AKUSAN  58100057200 WINKLER  581 000 572 00 WINKLER ISRI  ISRI ISRINGHAUSEN Sitzverstellventil  ISRINGHAUSEN seat adjustment valve  Soupape de réglage de siege ISRI ISRINGHAUSEN  Valvola di regolazione del sedile ISRI ISRINGHAUSEN  SJEDALO. SJEDALA. SJEDIŠTE. SJEDIŠTA. SJEDELA. SJEDELO. SEAT. SEATS. SITTING. SIT. SEDEŽ</p>

<!-- This site is optimized with the Yoast SEO plugin v26.2 - https://yoast.com/wordpress/plugins/seo/ -->
<title>VENTIL (CILINDAR) SJEDALA MAN IVECO DAF SCANIA ISRINGHAUSEN OE - Sindicom</title>
<meta name="robots" content="index, follow, max-snippet:-1, max-image-preview:large, max-video-preview:-1" />
<link rel="canonical" href="https://sindicom.hr/en/katalog/cilindar-sjedala-iveco-org/" />
<meta property="og:locale" content="en_US" />
<meta property="og:type" content="article" />
<meta property="og:title" content="VENTIL (CILINDAR) SJEDALA MAN IVECO DAF SCANIA ISRINGHAUSEN OE - Sindicom" />
<meta property="og:url" content="https://sindicom.hr/en/katalog/cilindar-sjedala-iveco-org/" />
<meta property="og:site_name" content="Sindicom" />
<meta property="article:publisher" content="https://www.facebook.com/Sindicom-doo-170277286366043/" />
<meta property="article:modified_time" content="2025-10-27T12:06:44+00:00" />
<meta property="og:image" content="https://sindicom.hr/wp-content/uploads/2020/05/93161388-IVECO.webp" />
	<meta property="og:image:width" content="600" />
	<meta property="og:image:height" content="600" />
	<meta property="og:image:type" content="image/webp" />
<meta name="twitter:card" content="summary_large_image" />
<meta name="twitter:label1" content="Est. reading time" />
	<meta name="twitter:data1" content="1 minute" />
<script type="application/ld+json" class="yoast-schema-graph">{"@context":"https://schema.org","@graph":[{"@type":"WebPage","@id":"https://sindicom.hr/en/katalog/cilindar-sjedala-iveco-org/","url":"https://sindicom.hr/en/katalog/cilindar-sjedala-iveco-org/","name":"VENTIL (CILINDAR) SJEDALA MAN IVECO DAF SCANIA ISRINGHAUSEN OE - Sindicom","isPartOf":{"@id":"https://sindicom.hr/en/#website"},"primaryImageOfPage":{"@id":"https://sindicom.hr/en/katalog/cilindar-sjedala-iveco-org/#primaryimage"},"image":{"@id":"https://sindicom.hr/en/katalog/cilindar-sjedala-iveco-org/#primaryimage"},"thumbnailUrl":"https://sindicom.hr/wp-content/uploads/2020/05/93161388-IVECO.webp","datePublished":"2020-05-11T08:48:55+00:00","dateModified":"2025-10-27T12:06:44+00:00","breadcrumb":{"@id":"https://sindicom.hr/en/katalog/cilindar-sjedala-iveco-org/#breadcrumb"},"inLanguage":"en-US","potentialAction":[{"@type":"ReadAction","target":["https://sindicom.hr/en/katalog/cilindar-sjedala-iveco-org/"]}]},{"@type":"ImageObject","inLanguage":"en-US","@id":"https://sindicom.hr/en/katalog/cilindar-sjedala-iveco-org/#primaryimage","url":"https://sindicom.hr/wp-content/uploads/2020/05/93161388-IVECO.webp","contentUrl":"https://sindicom.hr/wp-content/uploads/2020/05/93161388-IVECO.webp","width":600,"height":600},{"@type":"BreadcrumbList","@id":"https://sindicom.hr/en/katalog/cilindar-sjedala-iveco-org/#breadcrumb","itemListElement":[{"@type":"ListItem","position":1,"name":"Početna stranica","item":"https://sindicom.hr/en/"},{"@type":"ListItem","position":2,"name":"Katalog dijelova","item":"https://sindicom.hr/en/catalog/"},{"@type":"ListItem","position":3,"name":"VENTIL (CILINDAR) SJEDALA MAN IVECO DAF SCANIA ISRINGHAUSEN OE"}]},{"@type":"WebSite","@id":"https://sindicom.hr/en/#website","url":"https://sindicom.hr/en/","name":"SINDICOM","description":"Trade and repair of pneumatic brakes, air and hydraulic systems for trucks and buses","publisher":{"@id":"https://sindicom.hr/en/#organization"},"potentialAction":[{"@type":"SearchAction","target":{"@type":"EntryPoint","urlTemplate":"https://sindicom.hr/en/?s={search_term_string}"},"query-input":{"@type":"PropertyValueSpecification","valueRequired":true,"valueName":"search_term_string"}}],"inLanguage":"en-US"},{"@type":"Organization","@id":"https://sindicom.hr/en/#organization","name":"SINDICOM d.o.o.","url":"https://sindicom.hr/en/","logo":{"@type":"ImageObject","inLanguage":"en-US","@id":"https://sindicom.hr/en/#/schema/logo/image/","url":"https://sindicom.hr/wp-content/uploads/2019/11/sindicom_logo_veliki1.jpg.png","contentUrl":"https://sindicom.hr/wp-content/uploads/2019/11/sindicom_logo_veliki1.jpg.png","width":732,"height":706,"caption":"SINDICOM d.o.o."},"image":{"@id":"https://sindicom.hr/en/#/schema/logo/image/"},"sameAs":["https://www.facebook.com/Sindicom-doo-170277286366043/","https://instagram.com/sindicomdoo"]}]}</script>
<!-- / Yoast SEO plugin. -->

Početna stranica
