{"id":26671,"date":"2023-03-01T14:58:54","date_gmt":"2023-03-01T14:58:54","guid":{"rendered":"https:\/\/sindicom.hr\/?post_type=product&#038;p=26671"},"modified":"2025-10-27T12:04:56","modified_gmt":"2025-10-27T12:04:56","slug":"ventil-brzina-man-mercedes-iveco-daf-zf-knorr-org","status":"publish","type":"product","link":"https:\/\/sindicom.hr\/en\/katalog\/ventil-brzina-man-mercedes-iveco-daf-zf-knorr-org\/","title":{"rendered":"VENTIL BRZINA M12x1.5 MAN MERCEDES IVECO DAF ZF KNORR OE"},"content":{"rendered":"<p>AC285B KNORR  1520468 DAF  08859181 IVECO  98432994 IVECO  098432994 IVECO  5021174993 RENAULT  7.40320 DT  280891 CEI  280.891 CEI  Gear Change Servo  Gearbox Main Shut Off Valve  Hauptabsperrventil des Getriebes  Hlavn\u00fd uzatv\u00e1rac\u00ed ventil prevodovky  Vanne d&#8217;arret principale de la bo\u00eete de vitesses  V\u00e1lvula de cierre principal de la caja de cambios  Valvola di intercettazione principale del cambio<\/p>\n","protected":false},"excerpt":{"rendered":"<p><img decoding=\"async\" class=\"alignnone size-medium wp-image-17705\" src=\"https:\/\/sindicom.hr\/wp-content\/uploads\/2020\/05\/knorr-bremse-300x300.png\" alt=\"\" width=\"300\" height=\"300\" srcset=\"https:\/\/sindicom.hr\/wp-content\/uploads\/2020\/05\/knorr-bremse-64x64.png 64w, https:\/\/sindicom.hr\/wp-content\/uploads\/2020\/05\/knorr-bremse-66x66.png 66w, https:\/\/sindicom.hr\/wp-content\/uploads\/2020\/05\/knorr-bremse-100x100.png 100w, https:\/\/sindicom.hr\/wp-content\/uploads\/2020\/05\/knorr-bremse-150x150.png 150w, https:\/\/sindicom.hr\/wp-content\/uploads\/2020\/05\/knorr-bremse-200x200.png 200w, https:\/\/sindicom.hr\/wp-content\/uploads\/2020\/05\/knorr-bremse.png 300w\" sizes=\"(max-width: 300px) 100vw, 300px\" \/><\/p>\n","protected":false},"featured_media":48998,"template":"","meta":{"inline_featured_image":false},"product_brand":[],"product_cat":[15,126,110,112,107,49],"product_tag":[],"class_list":{"0":"post-26671","1":"product","2":"type-product","3":"status-publish","4":"has-post-thumbnail","6":"product_cat-all-products","7":"product_cat-daf","8":"product_cat-iveco-teretna-vozila","9":"product_cat-renault","10":"product_cat-teretna-vozila","11":"product_cat-ventili-brzina","13":"first","14":"instock","15":"shipping-taxable","16":"purchasable","17":"product-type-simple"},"yoast_head":"<!-- This site is optimized with the Yoast SEO plugin v26.2 - https:\/\/yoast.com\/wordpress\/plugins\/seo\/ -->\n<title>VENTIL BRZINA M12x1.5 MAN MERCEDES IVECO DAF ZF KNORR OE - Sindicom<\/title>\n<meta name=\"robots\" content=\"index, follow, max-snippet:-1, max-image-preview:large, max-video-preview:-1\" \/>\n<link rel=\"canonical\" href=\"https:\/\/sindicom.hr\/en\/katalog\/ventil-brzina-man-mercedes-iveco-daf-zf-knorr-org\/\" \/>\n<meta property=\"og:locale\" content=\"en_US\" \/>\n<meta property=\"og:type\" content=\"article\" \/>\n<meta property=\"og:title\" content=\"VENTIL BRZINA M12x1.5 MAN MERCEDES IVECO DAF ZF KNORR OE - Sindicom\" \/>\n<meta property=\"og:url\" content=\"https:\/\/sindicom.hr\/en\/katalog\/ventil-brzina-man-mercedes-iveco-daf-zf-knorr-org\/\" \/>\n<meta property=\"og:site_name\" content=\"Sindicom\" \/>\n<meta property=\"article:publisher\" content=\"https:\/\/www.facebook.com\/Sindicom-doo-170277286366043\/\" \/>\n<meta property=\"article:modified_time\" content=\"2025-10-27T12:04:56+00:00\" \/>\n<meta property=\"og:image\" content=\"https:\/\/sindicom.hr\/wp-content\/uploads\/2023\/03\/AC285B.webp\" \/>\n\t<meta property=\"og:image:width\" content=\"1800\" \/>\n\t<meta property=\"og:image:height\" content=\"1013\" \/>\n\t<meta property=\"og:image:type\" content=\"image\/webp\" \/>\n<meta name=\"twitter:card\" content=\"summary_large_image\" \/>\n<meta name=\"twitter:label1\" content=\"Est. reading time\" \/>\n\t<meta name=\"twitter:data1\" content=\"1 minute\" \/>\n<script type=\"application\/ld+json\" class=\"yoast-schema-graph\">{\"@context\":\"https:\/\/schema.org\",\"@graph\":[{\"@type\":\"WebPage\",\"@id\":\"https:\/\/sindicom.hr\/en\/katalog\/ventil-brzina-man-mercedes-iveco-daf-zf-knorr-org\/\",\"url\":\"https:\/\/sindicom.hr\/en\/katalog\/ventil-brzina-man-mercedes-iveco-daf-zf-knorr-org\/\",\"name\":\"VENTIL BRZINA M12x1.5 MAN MERCEDES IVECO DAF ZF KNORR OE - Sindicom\",\"isPartOf\":{\"@id\":\"https:\/\/sindicom.hr\/en\/#website\"},\"primaryImageOfPage\":{\"@id\":\"https:\/\/sindicom.hr\/en\/katalog\/ventil-brzina-man-mercedes-iveco-daf-zf-knorr-org\/#primaryimage\"},\"image\":{\"@id\":\"https:\/\/sindicom.hr\/en\/katalog\/ventil-brzina-man-mercedes-iveco-daf-zf-knorr-org\/#primaryimage\"},\"thumbnailUrl\":\"https:\/\/sindicom.hr\/wp-content\/uploads\/2023\/03\/AC285B.webp\",\"datePublished\":\"2023-03-01T14:58:54+00:00\",\"dateModified\":\"2025-10-27T12:04:56+00:00\",\"breadcrumb\":{\"@id\":\"https:\/\/sindicom.hr\/en\/katalog\/ventil-brzina-man-mercedes-iveco-daf-zf-knorr-org\/#breadcrumb\"},\"inLanguage\":\"en-US\",\"potentialAction\":[{\"@type\":\"ReadAction\",\"target\":[\"https:\/\/sindicom.hr\/en\/katalog\/ventil-brzina-man-mercedes-iveco-daf-zf-knorr-org\/\"]}]},{\"@type\":\"ImageObject\",\"inLanguage\":\"en-US\",\"@id\":\"https:\/\/sindicom.hr\/en\/katalog\/ventil-brzina-man-mercedes-iveco-daf-zf-knorr-org\/#primaryimage\",\"url\":\"https:\/\/sindicom.hr\/wp-content\/uploads\/2023\/03\/AC285B.webp\",\"contentUrl\":\"https:\/\/sindicom.hr\/wp-content\/uploads\/2023\/03\/AC285B.webp\",\"width\":1800,\"height\":1013},{\"@type\":\"BreadcrumbList\",\"@id\":\"https:\/\/sindicom.hr\/en\/katalog\/ventil-brzina-man-mercedes-iveco-daf-zf-knorr-org\/#breadcrumb\",\"itemListElement\":[{\"@type\":\"ListItem\",\"position\":1,\"name\":\"Po\u010detna stranica\",\"item\":\"https:\/\/sindicom.hr\/en\/\"},{\"@type\":\"ListItem\",\"position\":2,\"name\":\"Katalog dijelova\",\"item\":\"https:\/\/sindicom.hr\/en\/catalog\/\"},{\"@type\":\"ListItem\",\"position\":3,\"name\":\"VENTIL BRZINA M12x1.5 MAN MERCEDES IVECO DAF ZF KNORR OE\"}]},{\"@type\":\"WebSite\",\"@id\":\"https:\/\/sindicom.hr\/en\/#website\",\"url\":\"https:\/\/sindicom.hr\/en\/\",\"name\":\"SINDICOM\",\"description\":\"Trade and repair of pneumatic brakes, air and hydraulic systems for trucks and buses\",\"publisher\":{\"@id\":\"https:\/\/sindicom.hr\/en\/#organization\"},\"potentialAction\":[{\"@type\":\"SearchAction\",\"target\":{\"@type\":\"EntryPoint\",\"urlTemplate\":\"https:\/\/sindicom.hr\/en\/?s={search_term_string}\"},\"query-input\":{\"@type\":\"PropertyValueSpecification\",\"valueRequired\":true,\"valueName\":\"search_term_string\"}}],\"inLanguage\":\"en-US\"},{\"@type\":\"Organization\",\"@id\":\"https:\/\/sindicom.hr\/en\/#organization\",\"name\":\"SINDICOM d.o.o.\",\"url\":\"https:\/\/sindicom.hr\/en\/\",\"logo\":{\"@type\":\"ImageObject\",\"inLanguage\":\"en-US\",\"@id\":\"https:\/\/sindicom.hr\/en\/#\/schema\/logo\/image\/\",\"url\":\"https:\/\/sindicom.hr\/wp-content\/uploads\/2019\/11\/sindicom_logo_veliki1.jpg.png\",\"contentUrl\":\"https:\/\/sindicom.hr\/wp-content\/uploads\/2019\/11\/sindicom_logo_veliki1.jpg.png\",\"width\":732,\"height\":706,\"caption\":\"SINDICOM d.o.o.\"},\"image\":{\"@id\":\"https:\/\/sindicom.hr\/en\/#\/schema\/logo\/image\/\"},\"sameAs\":[\"https:\/\/www.facebook.com\/Sindicom-doo-170277286366043\/\",\"https:\/\/instagram.com\/sindicomdoo\"]}]}<\/script>\n<!-- \/ Yoast SEO plugin. -->","yoast_head_json":{"title":"VENTIL BRZINA M12x1.5 MAN MERCEDES IVECO DAF ZF KNORR OE - Sindicom","robots":{"index":"index","follow":"follow","max-snippet":"max-snippet:-1","max-image-preview":"max-image-preview:large","max-video-preview":"max-video-preview:-1"},"canonical":"https:\/\/sindicom.hr\/en\/katalog\/ventil-brzina-man-mercedes-iveco-daf-zf-knorr-org\/","og_locale":"en_US","og_type":"article","og_title":"VENTIL BRZINA M12x1.5 MAN MERCEDES IVECO DAF ZF KNORR OE - Sindicom","og_url":"https:\/\/sindicom.hr\/en\/katalog\/ventil-brzina-man-mercedes-iveco-daf-zf-knorr-org\/","og_site_name":"Sindicom","article_publisher":"https:\/\/www.facebook.com\/Sindicom-doo-170277286366043\/","article_modified_time":"2025-10-27T12:04:56+00:00","og_image":[{"width":1800,"height":1013,"url":"https:\/\/sindicom.hr\/wp-content\/uploads\/2023\/03\/AC285B.webp","type":"image\/webp"}],"twitter_card":"summary_large_image","twitter_misc":{"Est. reading time":"1 minute"},"schema":{"@context":"https:\/\/schema.org","@graph":[{"@type":"WebPage","@id":"https:\/\/sindicom.hr\/en\/katalog\/ventil-brzina-man-mercedes-iveco-daf-zf-knorr-org\/","url":"https:\/\/sindicom.hr\/en\/katalog\/ventil-brzina-man-mercedes-iveco-daf-zf-knorr-org\/","name":"VENTIL BRZINA M12x1.5 MAN MERCEDES IVECO DAF ZF KNORR OE - Sindicom","isPartOf":{"@id":"https:\/\/sindicom.hr\/en\/#website"},"primaryImageOfPage":{"@id":"https:\/\/sindicom.hr\/en\/katalog\/ventil-brzina-man-mercedes-iveco-daf-zf-knorr-org\/#primaryimage"},"image":{"@id":"https:\/\/sindicom.hr\/en\/katalog\/ventil-brzina-man-mercedes-iveco-daf-zf-knorr-org\/#primaryimage"},"thumbnailUrl":"https:\/\/sindicom.hr\/wp-content\/uploads\/2023\/03\/AC285B.webp","datePublished":"2023-03-01T14:58:54+00:00","dateModified":"2025-10-27T12:04:56+00:00","breadcrumb":{"@id":"https:\/\/sindicom.hr\/en\/katalog\/ventil-brzina-man-mercedes-iveco-daf-zf-knorr-org\/#breadcrumb"},"inLanguage":"en-US","potentialAction":[{"@type":"ReadAction","target":["https:\/\/sindicom.hr\/en\/katalog\/ventil-brzina-man-mercedes-iveco-daf-zf-knorr-org\/"]}]},{"@type":"ImageObject","inLanguage":"en-US","@id":"https:\/\/sindicom.hr\/en\/katalog\/ventil-brzina-man-mercedes-iveco-daf-zf-knorr-org\/#primaryimage","url":"https:\/\/sindicom.hr\/wp-content\/uploads\/2023\/03\/AC285B.webp","contentUrl":"https:\/\/sindicom.hr\/wp-content\/uploads\/2023\/03\/AC285B.webp","width":1800,"height":1013},{"@type":"BreadcrumbList","@id":"https:\/\/sindicom.hr\/en\/katalog\/ventil-brzina-man-mercedes-iveco-daf-zf-knorr-org\/#breadcrumb","itemListElement":[{"@type":"ListItem","position":1,"name":"Po\u010detna stranica","item":"https:\/\/sindicom.hr\/en\/"},{"@type":"ListItem","position":2,"name":"Katalog dijelova","item":"https:\/\/sindicom.hr\/en\/catalog\/"},{"@type":"ListItem","position":3,"name":"VENTIL BRZINA M12x1.5 MAN MERCEDES IVECO DAF ZF KNORR OE"}]},{"@type":"WebSite","@id":"https:\/\/sindicom.hr\/en\/#website","url":"https:\/\/sindicom.hr\/en\/","name":"SINDICOM","description":"Trade and repair of pneumatic brakes, air and hydraulic systems for trucks and buses","publisher":{"@id":"https:\/\/sindicom.hr\/en\/#organization"},"potentialAction":[{"@type":"SearchAction","target":{"@type":"EntryPoint","urlTemplate":"https:\/\/sindicom.hr\/en\/?s={search_term_string}"},"query-input":{"@type":"PropertyValueSpecification","valueRequired":true,"valueName":"search_term_string"}}],"inLanguage":"en-US"},{"@type":"Organization","@id":"https:\/\/sindicom.hr\/en\/#organization","name":"SINDICOM d.o.o.","url":"https:\/\/sindicom.hr\/en\/","logo":{"@type":"ImageObject","inLanguage":"en-US","@id":"https:\/\/sindicom.hr\/en\/#\/schema\/logo\/image\/","url":"https:\/\/sindicom.hr\/wp-content\/uploads\/2019\/11\/sindicom_logo_veliki1.jpg.png","contentUrl":"https:\/\/sindicom.hr\/wp-content\/uploads\/2019\/11\/sindicom_logo_veliki1.jpg.png","width":732,"height":706,"caption":"SINDICOM d.o.o."},"image":{"@id":"https:\/\/sindicom.hr\/en\/#\/schema\/logo\/image\/"},"sameAs":["https:\/\/www.facebook.com\/Sindicom-doo-170277286366043\/","https:\/\/instagram.com\/sindicomdoo"]}]}},"_links":{"self":[{"href":"https:\/\/sindicom.hr\/en\/wp-json\/wp\/v2\/product\/26671","targetHints":{"allow":["GET"]}}],"collection":[{"href":"https:\/\/sindicom.hr\/en\/wp-json\/wp\/v2\/product"}],"about":[{"href":"https:\/\/sindicom.hr\/en\/wp-json\/wp\/v2\/types\/product"}],"wp:featuredmedia":[{"embeddable":true,"href":"https:\/\/sindicom.hr\/en\/wp-json\/wp\/v2\/media\/48998"}],"wp:attachment":[{"href":"https:\/\/sindicom.hr\/en\/wp-json\/wp\/v2\/media?parent=26671"}],"wp:term":[{"taxonomy":"product_brand","embeddable":true,"href":"https:\/\/sindicom.hr\/en\/wp-json\/wp\/v2\/product_brand?post=26671"},{"taxonomy":"product_cat","embeddable":true,"href":"https:\/\/sindicom.hr\/en\/wp-json\/wp\/v2\/product_cat?post=26671"},{"taxonomy":"product_tag","embeddable":true,"href":"https:\/\/sindicom.hr\/en\/wp-json\/wp\/v2\/product_tag?post=26671"}],"curies":[{"name":"wp","href":"https:\/\/api.w.org\/{rel}","templated":true}]}}

<p>AC285B KNORR  1520468 DAF  08859181 IVECO  98432994 IVECO  098432994 IVECO  5021174993 RENAULT  7.40320 DT  280891 CEI  280.891 CEI  Gear Change Servo  Gearbox Main Shut Off Valve  Hauptabsperrventil des Getriebes  Hlavný uzatvárací ventil prevodovky  Vanne d&#8217;arret principale de la boîte de vitesses  Válvula de cierre principal de la caja de cambios  Valvola di intercettazione principale del cambio</p>

<!-- This site is optimized with the Yoast SEO plugin v26.2 - https://yoast.com/wordpress/plugins/seo/ -->
<title>VENTIL BRZINA M12x1.5 MAN MERCEDES IVECO DAF ZF KNORR OE - Sindicom</title>
<meta name="robots" content="index, follow, max-snippet:-1, max-image-preview:large, max-video-preview:-1" />
<link rel="canonical" href="https://sindicom.hr/en/katalog/ventil-brzina-man-mercedes-iveco-daf-zf-knorr-org/" />
<meta property="og:locale" content="en_US" />
<meta property="og:type" content="article" />
<meta property="og:title" content="VENTIL BRZINA M12x1.5 MAN MERCEDES IVECO DAF ZF KNORR OE - Sindicom" />
<meta property="og:url" content="https://sindicom.hr/en/katalog/ventil-brzina-man-mercedes-iveco-daf-zf-knorr-org/" />
<meta property="og:site_name" content="Sindicom" />
<meta property="article:publisher" content="https://www.facebook.com/Sindicom-doo-170277286366043/" />
<meta property="article:modified_time" content="2025-10-27T12:04:56+00:00" />
<meta property="og:image" content="https://sindicom.hr/wp-content/uploads/2023/03/AC285B.webp" />
	<meta property="og:image:width" content="1800" />
	<meta property="og:image:height" content="1013" />
	<meta property="og:image:type" content="image/webp" />
<meta name="twitter:card" content="summary_large_image" />
<meta name="twitter:label1" content="Est. reading time" />
	<meta name="twitter:data1" content="1 minute" />
<script type="application/ld+json" class="yoast-schema-graph">{"@context":"https://schema.org","@graph":[{"@type":"WebPage","@id":"https://sindicom.hr/en/katalog/ventil-brzina-man-mercedes-iveco-daf-zf-knorr-org/","url":"https://sindicom.hr/en/katalog/ventil-brzina-man-mercedes-iveco-daf-zf-knorr-org/","name":"VENTIL BRZINA M12x1.5 MAN MERCEDES IVECO DAF ZF KNORR OE - Sindicom","isPartOf":{"@id":"https://sindicom.hr/en/#website"},"primaryImageOfPage":{"@id":"https://sindicom.hr/en/katalog/ventil-brzina-man-mercedes-iveco-daf-zf-knorr-org/#primaryimage"},"image":{"@id":"https://sindicom.hr/en/katalog/ventil-brzina-man-mercedes-iveco-daf-zf-knorr-org/#primaryimage"},"thumbnailUrl":"https://sindicom.hr/wp-content/uploads/2023/03/AC285B.webp","datePublished":"2023-03-01T14:58:54+00:00","dateModified":"2025-10-27T12:04:56+00:00","breadcrumb":{"@id":"https://sindicom.hr/en/katalog/ventil-brzina-man-mercedes-iveco-daf-zf-knorr-org/#breadcrumb"},"inLanguage":"en-US","potentialAction":[{"@type":"ReadAction","target":["https://sindicom.hr/en/katalog/ventil-brzina-man-mercedes-iveco-daf-zf-knorr-org/"]}]},{"@type":"ImageObject","inLanguage":"en-US","@id":"https://sindicom.hr/en/katalog/ventil-brzina-man-mercedes-iveco-daf-zf-knorr-org/#primaryimage","url":"https://sindicom.hr/wp-content/uploads/2023/03/AC285B.webp","contentUrl":"https://sindicom.hr/wp-content/uploads/2023/03/AC285B.webp","width":1800,"height":1013},{"@type":"BreadcrumbList","@id":"https://sindicom.hr/en/katalog/ventil-brzina-man-mercedes-iveco-daf-zf-knorr-org/#breadcrumb","itemListElement":[{"@type":"ListItem","position":1,"name":"Početna stranica","item":"https://sindicom.hr/en/"},{"@type":"ListItem","position":2,"name":"Katalog dijelova","item":"https://sindicom.hr/en/catalog/"},{"@type":"ListItem","position":3,"name":"VENTIL BRZINA M12x1.5 MAN MERCEDES IVECO DAF ZF KNORR OE"}]},{"@type":"WebSite","@id":"https://sindicom.hr/en/#website","url":"https://sindicom.hr/en/","name":"SINDICOM","description":"Trade and repair of pneumatic brakes, air and hydraulic systems for trucks and buses","publisher":{"@id":"https://sindicom.hr/en/#organization"},"potentialAction":[{"@type":"SearchAction","target":{"@type":"EntryPoint","urlTemplate":"https://sindicom.hr/en/?s={search_term_string}"},"query-input":{"@type":"PropertyValueSpecification","valueRequired":true,"valueName":"search_term_string"}}],"inLanguage":"en-US"},{"@type":"Organization","@id":"https://sindicom.hr/en/#organization","name":"SINDICOM d.o.o.","url":"https://sindicom.hr/en/","logo":{"@type":"ImageObject","inLanguage":"en-US","@id":"https://sindicom.hr/en/#/schema/logo/image/","url":"https://sindicom.hr/wp-content/uploads/2019/11/sindicom_logo_veliki1.jpg.png","contentUrl":"https://sindicom.hr/wp-content/uploads/2019/11/sindicom_logo_veliki1.jpg.png","width":732,"height":706,"caption":"SINDICOM d.o.o."},"image":{"@id":"https://sindicom.hr/en/#/schema/logo/image/"},"sameAs":["https://www.facebook.com/Sindicom-doo-170277286366043/","https://instagram.com/sindicomdoo"]}]}</script>
<!-- / Yoast SEO plugin. -->

Početna stranica
